7 - 5633 = -4*a + 2*v. Let k = a + -259. Is k a composite number?
False
Let k(j) = -j**2 + j + 53. Suppose -30 + 114 = 2*x. Let d = 42 - x. Is k(d) a composite number?
False
Suppose 32*f + 829219 = 9025795. Is f a composite number?
True
Let o = 39543 - 24620. Is o composite?
False
Suppose -121*r + 10888450 = -34150533. Is r a composite number?
False
Let y(c) = 2*c + 4. Let q be y(-2). Suppose q*i - 4*i = -2*t + 1230, 1845 = 3*t + i. Suppose 4*h + t = 7*h. Is h a prime number?
False
Let b(g) = -69598*g + 1083. Is b(-16) composite?
False
Let j(y) = 6*y**3 + y**2 - y + 27. Let i = -348 - -353. Is j(i) composite?
False
Is ((-18)/(-27))/(4/(-204233)*5/(-30)) a composite number?
False
Is (-7)/14*((-526920)/42)/10*7 composite?
False
Suppose -812 - 8239 = 7*u. Let a = u - -4567. Is a a composite number?
True
Let w(g) = 2630*g + 50. Let f(s) = -2629*s - 46. Let i(u) = -3*f(u) - 4*w(u). Is i(-11) a prime number?
True
Let k = 85462 - 15897. Is k prime?
False
Suppose -2*w = w - 25530. Suppose 3*m - w = 7741. Suppose -8*h = -3*x - 3*h + 3258, -m = -5*x + 4*h. Is x a composite number?
True
Is 30/70 - 7481410/(-35) prime?
False
Suppose 32*c - 13386898 = -158*c + 6452332. Is c a prime number?
True
Let b(q) = 112*q**2 - 91*q + 1592. Is b(33) composite?
False
Suppose -19*u + 16*u = -5*v - 13939, 0 = -u - 3*v + 4637. Is u a prime number?
True
Suppose -31*z + 13702 = -5*z. Is z a prime number?
False
Suppose 4*r = -3*t - 3358, -5*t - 4501 - 1117 = -4*r. Let w = 3653 + t. Is w a prime number?
True
Let c be 8/4*((-3)/6 - -2). Suppose -3*p + 5*l = 1161, c*p + l = -0*p - 1161. Let v = 548 + p. Is v a prime number?
False
Let l(y) = y**2 - 75*y - 59. Let f(u) = 4*u**2 - 227*u - 177. Let j(q) = -2*f(q) + 7*l(q). Is j(-43) prime?
False
Suppose 3*l - 54 = -z - 2*l, -4 = l. Suppose 4*w = z - 390. Is w/(-1) + (-13)/(-13) - 3 composite?
True
Let q = 17 + -1. Suppose 22*h - 28824 = q*h. Suppose -9*a + h = -8525. Is a a prime number?
True
Suppose -5*g - t + 10437 = 0, 3*g - 5623 = -5*t + 626. Suppose 0 = 6*n - 2*n - g. Let q = n - 269. Is q a composite number?
True
Let s be 956*(-17 + 13 + 18/4). Let d = 867 - s. Is d a prime number?
True
Suppose 0 = -3*b + r + 341527, -38*b + 5*r + 341519 = -35*b. Is b composite?
False
Suppose 41874 = -9*q + 12*q. Suppose 7*h + 637 = q. Is h prime?
False
Let n(f) = -64*f**2 + 4*f. Let r be n(3). Let o = r + 1832. Suppose 4*h - o = 984. Is h composite?
False
Let c(h) = 2*h + 31. Let l be c(-13). Suppose -m - 3*m - 12 = 0, 12 = -k - l*m. Is -453*(k*(-3)/(-9))/(-1) prime?
False
Let g(b) = -11*b**2 - 7*b - 4. Let w be g(6). Let p(v) = 29*v - 888. Let t be p(0). Let l = w - t. Is l prime?
False
Let b(f) = -2*f**3 + 23*f**2 + 60*f - 47. Is b(-28) a prime number?
True
Let c(b) = -b**3 + 23*b**2 + 28*b - 68. Let s be c(24). Suppose 0 = -v - 5*q + 21, 5*v - 109 - 54 = 4*q. Suppose v*u - 165 = s*u. Is u composite?
True
Let t = -236 + 235. Is (-917 - 36/(-6))*t a composite number?
False
Suppose 55*q + 15*q - 7169535 = -1518925. Is q a prime number?
False
Suppose -35 = -7*j - 14. Suppose 0 = -2*u - 3*f + 90, 0 = -u - 0*u + j*f + 36. Suppose u = -6*m + 174. Is m prime?
False
Let o be ((-9)/((-45)/4))/((-6)/(-15)). Suppose -5*r + 17938 = 3*p, 4*r + p - o*p = 14347. Is r a prime number?
False
Let h(c) = 73*c**2 + 4*c - 163. Is h(-12) prime?
True
Suppose h = 5*h + 3*g - 68, 5*h - 85 = -2*g. Let y(j) = j**2 - 26*j + 58. Let q(x) = x**2 - 17*x + 39. Let i(u) = 8*q(u) - 5*y(u). Is i(h) a composite number?
False
Suppose -3*l - 3*x = -641619, -4*x - 877854 - 833106 = -8*l. Is l a prime number?
False
Let d(g) = 70*g**2 - 22*g - 5. Let u be d(-7). Suppose -1943 = -n + u. Suppose n = 103*c - 101*c. Is c composite?
True
Suppose b + 9 = 11. Is 6 + 1143 - (b + (1 - 5)) composite?
False
Let u(g) = -10*g**3 + 13*g**2 - 5*g - 51. Let c(o) = -11*o**3 + 13*o**2 - 5*o - 52. Let y(w) = -6*c(w) + 7*u(w). Is y(-11) composite?
False
Suppose 2*j + 5*c - 139 = 20, 0 = j + 2*c - 79. Suppose 1077 = f + 5*m, -2*m = -2*f + j + 2077. Is f a prime number?
False
Let v(z) = z**3 - 25*z**2 + 93*z - 17. Suppose g + 176 = 5*c + 58, -3*g - 66 = -3*c. Is v(c) a prime number?
False
Let q = -172016 + 298557. Is q a prime number?
True
Let i(g) = 264*g**2 - 10 - 7 + 10. Let o be i(2). Let j = o - -74. Is j a composite number?
False
Let z = -65977 + 110906. Is z a composite number?
True
Let w = -688 + -9038. Let t = 1835 - w. Is t a composite number?
True
Suppose 0 = -186*z + 182*z. Suppose g - 2 = -z. Is ((-46194)/(-52) + (-2)/(-13))*g a composite number?
False
Let f(p) = 16*p - 3. Let i be f(2). Let c = 28 - i. Is (1293/(-6))/(c/6) prime?
False
Suppose 0 = 1179*u - 1192*u + 191620. Let a be 2 - 1/(1/(-1)). Is (a/9)/(u/3684 - 4) a prime number?
True
Suppose o + 14*o = 780. Is -1 + 50404/10 - o/130 a composite number?
False
Suppose -16*a + 5710 = -2562. Suppose -3*c + 1826 = -a. Is c composite?
True
Let l be 5 + -3 - (1 + 0) - 26. Let g = 20 + l. Is (-3)/(((-45)/(-633))/g) composite?
False
Let j be (438/8)/(75/2600). Suppose 3*p + j - 17111 = 0. Is p prime?
False
Let s(f) = -7*f + 15 - 18 + 25 + 31 - 28*f**2 - 9*f**3. Let k(t) = 14*t**3 + 42*t**2 + 11*t - 79. Let a(u) = 5*k(u) + 8*s(u). Is a(-12) prime?
True
Let w(v) = 61072*v**2 + 526*v + 2135. Is w(-4) a prime number?
True
Let l = 41 + -46. Let b be 807*((-30)/(-9))/l. Let s = 761 + b. Is s a prime number?
True
Is 0 - 1 - 70834/(1 + 3/(-2)) composite?
False
Let u(k) = -14207*k + 3257. Is u(-12) a composite number?
False
Let v = 1232 - -321. Is v a composite number?
False
Suppose -4623 = -31*a + 28*a. Is a composite?
True
Let y(r) = 17*r - 68. Let n be y(4). Suppose 2 = s, n = -5*z - 4*s + 15591 + 6562. Is z a prime number?
False
Let s(k) = -25*k**2 - 4*k + 9. Let a be s(3). Let w = a - -323. Is w composite?
True
Suppose 70*a - i = 69*a + 256546, 0 = -6*a - 5*i + 1539221. Is a prime?
True
Suppose -18*l = -679531 - 23891. Is l a composite number?
False
Suppose -23*q = -22*q - 5. Suppose -10*u + 5*u = -2*z - 7557, -q*u + 5*z + 7560 = 0. Is u prime?
True
Let s(p) = -5345*p**2 - 13*p + 3. Let u be s(-11). Is -4*((-1)/(-3))/(92/u) composite?
False
Let p(d) = d**3 - 9*d**2 + 18*d - 28. Let g be p(7). Suppose -8*u + 3152 + 10880 = g. Is u a prime number?
False
Let m(t) = 693*t + 813*t - 199 + 97 + 77. Is m(3) a composite number?
False
Let v = 1418 - 527. Suppose 0 = b + 5*w - v, -5*w - 874 - 1719 = -3*b. Is b a prime number?
False
Let d = 196815 - 96038. Is d a composite number?
True
Let b(w) = 6191*w**3 - w**2 + 46*w - 139. Is b(3) a composite number?
True
Let l(g) = 203*g**2 - 26*g + 1083. Is l(-32) composite?
True
Suppose 10*z = -1 - 19. Is z + 1144 + 60/(-20) prime?
False
Suppose -236155 = 1177*m - 1178*m + 4*a, -4*m + 2*a = -944718. Is m composite?
True
Let w(g) = 228*g + 9. Suppose -2*t - 17 + 7 = 0. Let x be w(t). Let f = x + 1864. Is f a prime number?
True
Let w = -12275 - -31501. Is w a prime number?
False
Let v(t) = 16*t**3 - 12*t**2 + 10*t + 3. Is v(11) a composite number?
True
Suppose 0 = -15*g - 20016 + 110811. Let j = -1774 + g. Is j composite?
True
Suppose -3*j - 4*t + 10 = -10, -5*t + 10 = 0. Suppose 0 = -j*q - 2*q - 12762. Let w = q + 3094. Is w prime?
True
Is (-6 + 3683 - 12)/(0 - (-2 + 1)) a composite number?
True
Suppose 4*d - 28*d = -224856. Suppose -4*z = -v - 7344 - 153, 5*z = -v + d. Is z prime?
False
Let t(j) = j - 16. Let s be t(14). Is s/3 - ((-2526)/9 - -11) prime?
True
Suppose p - l - 8 - 2 = 0, 2*l + 10 = 0. Suppose p*g = 661 - 16. Is g a composite number?
True
Is 3 + ((-120)/72)/((-10)/(-36)) - -3064 a prime number?
True
Is ((-10030202)/70)/(-7)*5 a prime number?
False
Let i be 42/(-315) + -1 + (-2569624)/(-30). Suppose 12*n - 3*n = i. Is n prime?
False
Let i = 28990 + -11157. Suppose -4*c + 5*c = 4*x + i, 89182 = 5*c - 3*x. Is c a composite number?
False
Let z(c) be the first derivative of 143*c**3/3 - 6*c**2 - 19*c + 46. Is z(8) a prime number?
False
Suppose -2*h + 0 = -16. Suppose -1 - h = -3*y. Suppose y*v + 1373 = w - 0*v, 5*v = 2*w - 2742. Is w composite?
False
Let a be (12 + -11)/(1 - 0/(-2)). Let i be a/(-5) + (5 - (-252)/35). Is 3815 + i + (-1 - -5) a prime number?
False
Suppose y = 2*s - 155589, 3*y + 30980 + 46812 = s. Is s a composite number?
True
Let d(g) = 60*g**2 - 3*g - 9. Let o be d(9). Suppose 84*x - 8